Last updated on 2024-08-16 11:49:37 CEST.
Flavor | Version | Tinstall | Tcheck | Ttotal | Status | Flags |
---|---|---|---|---|---|---|
r-devel-linux-x86_64-debian-clang | 1.2.0 | 16.58 | 111.24 | 127.82 | OK | |
r-devel-linux-x86_64-debian-gcc | 1.2.0 | 10.44 | 78.10 | 88.54 | OK | |
r-devel-linux-x86_64-fedora-clang | 1.2.0 | 205.08 | NOTE | |||
r-devel-linux-x86_64-fedora-gcc | 1.2.0 | 195.49 | NOTE | |||
r-devel-windows-x86_64 | 1.2.0 | 18.00 | 125.00 | 143.00 | OK | |
r-patched-linux-x86_64 | 1.2.0 | 14.92 | 102.80 | 117.72 | OK | |
r-release-linux-x86_64 | 1.2.0 | 15.50 | 104.94 | 120.44 | OK | |
r-release-macos-arm64 | 1.2.0 | 58.00 | OK | |||
r-release-macos-x86_64 | 1.2.0 | 80.00 | OK | |||
r-release-windows-x86_64 | 1.2.0 | 19.00 | 122.00 | 141.00 | OK | |
r-oldrel-macos-arm64 | 1.2.0 | 60.00 | OK | |||
r-oldrel-macos-x86_64 | 1.2.0 | 95.00 | OK | |||
r-oldrel-windows-x86_64 | 1.2.0 | 22.00 | 149.00 | 171.00 | OK |
Version: 1.2.0
Check: dependencies in R code
Result: NOTE
Namespace in Imports field not imported from: ‘magrittr’
All declared Imports should be used.
Flavors: r-devel-linux-x86_64-fedora-clang, r-devel-linux-x86_64-fedora-gcc