CRAN Package Check Results for Package CIS.DGLM

Last updated on 2024-05-29 05:59:16 CEST.

Flavor Version Tinstall Tcheck Ttotal Status Flags
r-devel-linux-x86_64-debian-clang 0.1.0 6.27 74.32 80.59 OK
r-devel-linux-x86_64-debian-gcc 0.1.0 4.59 53.08 57.67 OK
r-devel-linux-x86_64-fedora-clang 0.1.0 97.76 NOTE
r-devel-linux-x86_64-fedora-gcc 0.1.0 91.76 NOTE
r-devel-windows-x86_64 0.1.0 6.00 70.00 76.00 OK
r-patched-linux-x86_64 0.1.0 4.94 69.40 74.34 OK
r-release-linux-x86_64 0.1.0 4.55 70.49 75.04 OK
r-release-macos-arm64 0.1.0 26.00 OK
r-release-windows-x86_64 0.1.0 7.00 68.00 75.00 OK
r-oldrel-macos-arm64 0.1.0 31.00 OK
r-oldrel-macos-x86_64 0.1.0 48.00 OK
r-oldrel-windows-x86_64 0.1.0 7.00 84.00 91.00 OK

Check Details

Version: 0.1.0
Check: dependencies in R code
Result: NOTE Namespace in Imports field not imported from: ‘RColorBrewer’ All declared Imports should be used. Flavors: r-devel-linux-x86_64-fedora-clang, r-devel-linux-x86_64-fedora-gcc