Last updated on 2024-08-16 11:49:37 CEST.
Flavor | Version | Tinstall | Tcheck | Ttotal | Status | Flags |
---|---|---|---|---|---|---|
r-devel-linux-x86_64-debian-clang | 0.1.3 | 24.35 | 156.30 | 180.65 | OK | |
r-devel-linux-x86_64-debian-gcc | 0.1.3 | 17.59 | 106.13 | 123.72 | OK | |
r-devel-linux-x86_64-fedora-clang | 0.1.3 | 313.52 | NOTE | |||
r-devel-linux-x86_64-fedora-gcc | 0.1.3 | 314.03 | OK | |||
r-devel-windows-x86_64 | 0.1.3 | 28.00 | 169.00 | 197.00 | NOTE | |
r-patched-linux-x86_64 | 0.1.3 | 24.69 | 150.18 | 174.87 | OK | |
r-release-linux-x86_64 | 0.1.3 | 23.86 | 150.06 | 173.92 | OK | |
r-release-macos-arm64 | 0.1.3 | 77.00 | NOTE | |||
r-release-macos-x86_64 | 0.1.3 | 125.00 | NOTE | |||
r-release-windows-x86_64 | 0.1.3 | 27.00 | 170.00 | 197.00 | NOTE | |
r-oldrel-macos-arm64 | 0.1.3 | 99.00 | NOTE | |||
r-oldrel-macos-x86_64 | 0.1.3 | 144.00 | NOTE | |||
r-oldrel-windows-x86_64 | 0.1.3 | 37.00 | 214.00 | 251.00 | NOTE |
Version: 0.1.3
Check: installed package size
Result: NOTE
installed size is 6.0Mb
sub-directories of 1Mb or more:
data 1.1Mb
doc 3.6Mb
help 1.0Mb
Flavors: r-devel-linux-x86_64-fedora-clang, r-devel-windows-x86_64, r-release-macos-arm64, r-release-macos-x86_64, r-release-windows-x86_64, r-oldrel-macos-arm64, r-oldrel-macos-x86_64, r-oldrel-windows-x86_64