Last updated on 2023-06-11 01:01:10 CEST.
Flavor | Version | Tinstall | Tcheck | Ttotal | Status | Flags |
---|---|---|---|---|---|---|
r-devel-linux-x86_64-debian-clang | 3.7.2 | 78.69 | 745.87 | 824.56 | OK | |
r-devel-linux-x86_64-debian-gcc | 3.7.2 | 65.50 | 568.48 | 633.98 | OK | |
r-devel-linux-x86_64-fedora-clang | 3.7.2 | 1121.03 | NOTE | |||
r-devel-linux-x86_64-fedora-gcc | 3.7.2 | 1131.32 | NOTE | |||
r-devel-windows-x86_64 | 3.7.2 | 66.00 | 526.00 | 592.00 | NOTE | |
r-patched-linux-x86_64 | 3.7.2 | 68.44 | 717.64 | 786.08 | OK | |
r-release-linux-x86_64 | 3.7.2 | 69.63 | 697.02 | 766.65 | OK | |
r-release-macos-arm64 | 3.7.2 | 5.00 | ERROR | |||
r-release-macos-x86_64 | 3.7.2 | 539.00 | NOTE | |||
r-release-windows-x86_64 | 3.7.2 | 90.00 | 713.00 | 803.00 | NOTE | |
r-oldrel-macos-arm64 | 3.7.2 | 9.00 | ERROR | |||
r-oldrel-macos-x86_64 | 3.7.2 | 398.00 | NOTE | |||
r-oldrel-windows-x86_64 | 3.7.2 | 87.00 | 679.00 | 766.00 | NOTE |
Version: 3.7.2
Check: installed package size
Result: NOTE
installed size is 5.3Mb
sub-directories of 1Mb or more:
doc 3.2Mb
extdata 1.7Mb
Flavors: r-devel-linux-x86_64-fedora-clang, r-devel-windows-x86_64, r-release-macos-x86_64, r-release-windows-x86_64, r-oldrel-macos-x86_64, r-oldrel-windows-x86_64
Version: 3.7.2
Check: dependencies in R code
Result: NOTE
Namespace in Imports field not imported from: 'Hmisc'
All declared Imports should be used.
Flavors: r-devel-linux-x86_64-fedora-clang, r-devel-linux-x86_64-fedora-gcc, r-oldrel-macos-x86_64
Version: 3.7.2
Check: package dependencies
Result: ERROR
Package required but not available: ‘GenomicInteractions’
Packages suggested but not available for checking:
'InteractionSet', 'BSgenome.Hsapiens.UCSC.hg19'
See section ‘The DESCRIPTION file’ in the ‘Writing R Extensions’
manual.
Flavor: r-release-macos-arm64
Version: 3.7.2
Check: package dependencies
Result: NOTE
Package suggested but not available for checking: ‘BSgenome.Hsapiens.UCSC.hg19’
Flavors: r-release-macos-x86_64, r-oldrel-macos-x86_64
Version: 3.7.2
Check: package dependencies
Result: ERROR
Package required but not available: ‘GenomicInteractions’
Package suggested but not available for checking: ‘BSgenome.Hsapiens.UCSC.hg19’
See section ‘The DESCRIPTION file’ in the ‘Writing R Extensions’
manual.
Flavor: r-oldrel-macos-arm64