CRAN Package Check Results for Package COLP

Last updated on 2024-06-18 23:49:24 CEST.

Flavor Version Tinstall Tcheck Ttotal Status Flags
r-devel-linux-x86_64-debian-clang 1.0.0 1.72 23.27 24.99 OK
r-devel-linux-x86_64-debian-gcc 1.0.0 1.58 17.77 19.35 OK
r-devel-linux-x86_64-fedora-clang 1.0.0 30.98 NOTE
r-devel-linux-x86_64-fedora-gcc 1.0.0 30.23 NOTE
r-devel-windows-x86_64 1.0.0 2.00 40.00 42.00 OK
r-patched-linux-x86_64 1.0.0 2.23 21.86 24.09 OK
r-release-linux-x86_64 1.0.0 2.10 22.37 24.47 OK
r-release-macos-arm64 1.0.0 15.00 OK
r-release-macos-x86_64 1.0.0 24.00 OK
r-release-windows-x86_64 1.0.0 4.00 40.00 44.00 OK
r-oldrel-macos-arm64 1.0.0 15.00 OK
r-oldrel-macos-x86_64 1.0.0 20.00 OK
r-oldrel-windows-x86_64 1.0.0 2.00 38.00 40.00 OK

Check Details

Version: 1.0.0
Check: data for non-ASCII characters
Result: NOTE Note: found 2 marked UTF-8 strings Flavors: r-devel-linux-x86_64-fedora-clang, r-devel-linux-x86_64-fedora-gcc