Last updated on 2024-04-23 17:49:28 CEST.
Flavor | Version | Tinstall | Tcheck | Ttotal | Status | Flags |
---|---|---|---|---|---|---|
r-devel-linux-x86_64-debian-clang | 1.0.0 | 9.65 | 59.87 | 69.52 | OK | |
r-devel-linux-x86_64-debian-gcc | 1.0.0 | 6.57 | 45.37 | 51.94 | OK | |
r-devel-linux-x86_64-fedora-clang | 1.0.0 | 88.85 | NOTE | |||
r-devel-linux-x86_64-fedora-gcc | 1.0.0 | 80.57 | NOTE | |||
r-prerel-macos-arm64 | 1.0.0 | 28.00 | OK | |||
r-prerel-windows-x86_64 | 1.0.0 | 9.00 | 61.00 | 70.00 | OK | |
r-patched-linux-x86_64 | 1.0.0 | 8.98 | 56.58 | 65.56 | OK | |
r-release-linux-x86_64 | 1.0.0 | 9.48 | 55.36 | 64.84 | OK | |
r-release-macos-arm64 | 1.0.0 | 31.00 | OK | |||
r-release-macos-x86_64 | 1.0.0 | 43.00 | OK | |||
r-release-windows-x86_64 | 1.0.0 | 11.00 | 64.00 | 75.00 | OK | |
r-oldrel-macos-arm64 | 1.0.0 | 34.00 | NOTE | |||
r-oldrel-windows-x86_64 | 1.0.0 | 11.00 | 78.00 | 89.00 | OK |
Version: 1.0.0
Check: data for non-ASCII characters
Result: NOTE
Note: found 11 marked Latin-1 strings
Note: found 57 marked UTF-8 strings
Flavors: r-devel-linux-x86_64-fedora-clang, r-devel-linux-x86_64-fedora-gcc, r-oldrel-macos-arm64