CRAN Package Check Results for Package CRM

Last updated on 2021-10-28 11:51:23 CEST.

Flavor Version Tinstall Tcheck Ttotal Status Flags
r-devel-linux-x86_64-debian-clang 1.2.4 3.50 21.92 25.42 OK
r-devel-linux-x86_64-debian-gcc 1.2.4 2.81 17.57 20.38 OK
r-devel-linux-x86_64-fedora-clang 1.2.4 42.89 NOTE
r-devel-linux-x86_64-fedora-gcc 1.2.4 31.85 NOTE
r-devel-windows-x86_64 1.2.4 7.00 38.00 45.00 OK
r-devel-windows-x86_64-gcc10-UCRT 1.2.4 OK
r-patched-linux-x86_64 1.2.4 3.16 21.67 24.83 OK
r-patched-solaris-x86 1.2.4 47.10 OK
r-release-linux-x86_64 1.2.4 3.18 21.52 24.70 OK
r-release-macos-arm64 1.2.4 OK
r-release-macos-x86_64 1.2.4 OK
r-release-windows-ix86+x86_64 1.2.4 11.00 41.00 52.00 OK
r-oldrel-macos-x86_64 1.2.4 OK
r-oldrel-windows-ix86+x86_64 1.2.4 9.00 40.00 49.00 OK

Check Details

Version: 1.2.4
Check: top-level files
Result: NOTE
    ‘cleanup’: /bin/bash is not portable
Flavors: r-devel-linux-x86_64-fedora-clang, r-devel-linux-x86_64-fedora-gcc