Last updated on 2024-03-29 00:50:46 CET.
Flavor | Version | Tinstall | Tcheck | Ttotal | Status | Flags |
---|---|---|---|---|---|---|
r-devel-linux-x86_64-debian-clang | 1.2.0 | 14.28 | 132.46 | 146.74 | NOTE | |
r-devel-linux-x86_64-debian-gcc | 1.2.0 | 9.55 | 100.09 | 109.64 | NOTE | |
r-devel-linux-x86_64-fedora-clang | 1.2.0 | 194.09 | NOTE | |||
r-devel-linux-x86_64-fedora-gcc | 1.2.0 | 171.60 | NOTE | |||
r-devel-windows-x86_64 | 1.2.0 | 16.00 | 105.00 | 121.00 | NOTE | |
r-patched-linux-x86_64 | 1.2.0 | 12.39 | 128.84 | 141.23 | NOTE | |
r-release-linux-x86_64 | 1.2.0 | 12.60 | 133.33 | 145.93 | NOTE | |
r-release-macos-arm64 | 1.2.0 | 54.00 | NOTE | |||
r-release-macos-x86_64 | 1.2.0 | 113.00 | NOTE | |||
r-release-windows-x86_64 | 1.2.0 | 16.00 | 129.00 | 145.00 | NOTE | |
r-oldrel-macos-arm64 | 1.2.0 | 52.00 | NOTE | |||
r-oldrel-windows-x86_64 | 1.2.0 | 23.00 | 127.00 | 150.00 | NOTE |
Version: 1.2.0
Check: LazyData
Result: NOTE
'LazyData' is specified without a 'data' directory
Flavors: r-devel-linux-x86_64-debian-clang, r-devel-linux-x86_64-debian-gcc, r-devel-linux-x86_64-fedora-clang, r-devel-linux-x86_64-fedora-gcc, r-devel-windows-x86_64, r-patched-linux-x86_64, r-release-linux-x86_64, r-release-macos-arm64, r-release-macos-x86_64, r-release-windows-x86_64, r-oldrel-macos-arm64, r-oldrel-windows-x86_64