CRAN Package Check Results for Package CTTinShiny

Last updated on 2024-05-29 06:56:58 CEST.

Flavor Version Tinstall Tcheck Ttotal Status Flags
r-devel-linux-x86_64-debian-clang 0.1.0 5.53 38.49 44.02 NOTE
r-devel-linux-x86_64-debian-gcc 0.1.0 2.46 29.77 32.23 NOTE
r-devel-linux-x86_64-fedora-clang 0.1.0 53.92 NOTE
r-devel-linux-x86_64-fedora-gcc 0.1.0 50.98 NOTE
r-devel-windows-x86_64 0.1.0 5.00 50.00 55.00 NOTE
r-patched-linux-x86_64 0.1.0 4.39 37.32 41.71 NOTE
r-release-linux-x86_64 0.1.0 3.01 37.67 40.68 NOTE
r-release-macos-arm64 0.1.0 21.00 NOTE
r-release-windows-x86_64 0.1.0 5.00 48.00 53.00 NOTE
r-oldrel-macos-arm64 0.1.0 23.00 NOTE
r-oldrel-macos-x86_64 0.1.0 30.00 NOTE
r-oldrel-windows-x86_64 0.1.0 7.00 51.00 58.00 NOTE

Check Details

Version: 0.1.0
Check: LazyData
Result: NOTE 'LazyData' is specified without a 'data' directory Flavors: r-devel-linux-x86_64-debian-clang, r-devel-linux-x86_64-debian-gcc, r-devel-linux-x86_64-fedora-clang, r-devel-linux-x86_64-fedora-gcc, r-devel-windows-x86_64, r-patched-linux-x86_64, r-release-linux-x86_64, r-release-macos-arm64, r-release-windows-x86_64, r-oldrel-macos-arm64, r-oldrel-macos-x86_64, r-oldrel-windows-x86_64