Last updated on 2025-01-16 11:50:05 CET.
Flavor | Version | Tinstall | Tcheck | Ttotal | Status | Flags |
---|---|---|---|---|---|---|
r-devel-linux-x86_64-debian-clang | 0.2.5 | 16.80 | 234.87 | 251.67 | OK | |
r-devel-linux-x86_64-debian-gcc | 0.2.5 | 12.22 | 171.65 | 183.87 | OK | |
r-devel-linux-x86_64-fedora-clang | 0.2.5 | 433.69 | OK | |||
r-devel-linux-x86_64-fedora-gcc | 0.2.5 | 455.40 | OK | |||
r-devel-windows-x86_64 | 0.2.5 | 17.00 | 228.00 | 245.00 | OK | |
r-patched-linux-x86_64 | 0.2.5 | 15.03 | 225.24 | 240.27 | OK | |
r-release-linux-x86_64 | 0.2.5 | 14.59 | 221.39 | 235.98 | OK | |
r-release-macos-arm64 | 0.2.5 | 133.00 | NOTE | |||
r-release-macos-x86_64 | 0.2.5 | 193.00 | OK | |||
r-release-windows-x86_64 | 0.2.5 | 18.00 | 230.00 | 248.00 | OK | |
r-oldrel-macos-arm64 | 0.2.5 | 147.00 | NOTE | |||
r-oldrel-macos-x86_64 | 0.2.5 | 352.00 | NOTE | |||
r-oldrel-windows-x86_64 | 0.2.5 | 21.00 | 315.00 | 336.00 | OK |
Version: 0.2.5
Check: package dependencies
Result: NOTE
Package suggested but not available for checking: ‘batchelor’
Flavors: r-release-macos-arm64, r-oldrel-macos-arm64, r-oldrel-macos-x86_64