CRAN Package Check Results for Package CaseBasedReasoning

Last updated on 2024-04-12 17:56:56 CEST.

Flavor Version Tinstall Tcheck Ttotal Status Flags
r-devel-linux-x86_64-debian-clang 0.3 107.34 145.42 252.76 NOTE
r-devel-linux-x86_64-debian-gcc 0.3 77.79 104.47 182.26 NOTE
r-devel-linux-x86_64-fedora-clang 0.3 325.93 NOTE
r-devel-linux-x86_64-fedora-gcc 0.3 328.58 NOTE
r-devel-windows-x86_64 0.3 84.00 137.00 221.00 NOTE
r-patched-linux-x86_64 0.3 95.05 131.07 226.12 NOTE
r-release-linux-x86_64 0.3 68.95 132.07 201.02 NOTE
r-release-macos-arm64 0.3 98.00 NOTE
r-release-macos-x86_64 0.3 173.00 NOTE
r-release-windows-x86_64 0.3 107.00 169.00 276.00 NOTE
r-oldrel-macos-arm64 0.3 73.00 NOTE
r-oldrel-windows-x86_64 0.3 100.00 167.00 267.00 NOTE

Check Details

Version: 0.3
Check: for GNU extensions in Makefiles
Result: NOTE GNU make is a SystemRequirements. Flavors: r-devel-linux-x86_64-debian-clang, r-devel-linux-x86_64-debian-gcc, r-devel-linux-x86_64-fedora-clang, r-devel-linux-x86_64-fedora-gcc, r-devel-windows-x86_64, r-patched-linux-x86_64, r-release-linux-x86_64, r-release-macos-arm64, r-release-macos-x86_64, r-release-windows-x86_64, r-oldrel-macos-arm64, r-oldrel-windows-x86_64