Last updated on 2023-11-29 05:52:12 CET.
Flavor | Version | Tinstall | Tcheck | Ttotal | Status | Flags |
---|---|---|---|---|---|---|
r-devel-linux-x86_64-debian-clang | 0.2.3 | 3.73 | 61.42 | 65.15 | OK | |
r-devel-linux-x86_64-debian-gcc | 0.2.3 | 2.75 | 45.53 | 48.28 | OK | |
r-devel-linux-x86_64-fedora-clang | 0.2.3 | 80.02 | NOTE | |||
r-devel-linux-x86_64-fedora-gcc | 0.2.3 | 91.21 | NOTE | |||
r-devel-windows-x86_64 | 0.2.3 | 5.00 | 66.00 | 71.00 | OK | |
r-patched-linux-x86_64 | 0.2.3 | 4.84 | 58.03 | 62.87 | OK | |
r-release-linux-x86_64 | 0.2.3 | 3.14 | 58.07 | 61.21 | OK | |
r-release-macos-arm64 | 0.2.3 | 32.00 | OK | |||
r-release-macos-x86_64 | 0.2.3 | 51.00 | OK | |||
r-release-windows-x86_64 | 0.2.3 | 6.00 | 76.00 | 82.00 | OK | |
r-oldrel-macos-arm64 | 0.2.3 | 29.00 | OK | |||
r-oldrel-macos-x86_64 | 0.2.3 | 36.00 | OK | |||
r-oldrel-windows-x86_64 | 0.2.3 | 6.00 | 71.00 | 77.00 | OK |
Version: 0.2.3
Check: data for non-ASCII characters
Result: NOTE
Note: found 3 marked UTF-8 strings
Flavors: r-devel-linux-x86_64-fedora-clang, r-devel-linux-x86_64-fedora-gcc