Last updated on 2023-09-28 05:56:43 CEST.
Flavor | Version | Tinstall | Tcheck | Ttotal | Status | Flags |
---|---|---|---|---|---|---|
r-devel-linux-x86_64-debian-clang | 0.4.0 | 56.29 | 519.51 | 575.80 | NOTE | |
r-devel-linux-x86_64-debian-gcc | 0.4.0 | 35.91 | 361.76 | 397.67 | NOTE | |
r-devel-linux-x86_64-fedora-clang | 0.4.0 | 665.19 | NOTE | |||
r-devel-linux-x86_64-fedora-gcc | 0.4.0 | 658.71 | NOTE | |||
r-devel-windows-x86_64 | 0.4.0 | 43.00 | 411.00 | 454.00 | NOTE | |
r-patched-linux-x86_64 | 0.4.0 | 51.55 | 439.63 | 491.18 | OK | |
r-release-linux-x86_64 | 0.4.0 | 35.74 | 455.40 | 491.14 | OK | |
r-release-macos-arm64 | 0.4.0 | 215.00 | OK | |||
r-release-macos-x86_64 | 0.4.0 | 451.00 | OK | |||
r-release-windows-x86_64 | 0.4.0 | 55.00 | 526.00 | 581.00 | OK | |
r-oldrel-macos-arm64 | 0.4.0 | 208.00 | OK | |||
r-oldrel-macos-x86_64 | 0.4.0 | 231.00 | OK | |||
r-oldrel-windows-x86_64 | 0.4.0 | 56.00 | 506.00 | 562.00 | OK |
Version: 0.4.0
Check: Rd \usage sections
Result: NOTE
Documented arguments not in \usage in documentation object 'check_args_compile_pseudo_pop':
‘data_obj’ ‘ci.appr’
Functions with \usage entries need to have the appropriate \alias
entries, and all their arguments documented.
The \usage entries must correspond to syntactically valid R code.
See chapter ‘Writing R documentation files’ in the ‘Writing R
Extensions’ manual.
Flavors: r-devel-linux-x86_64-debian-clang, r-devel-linux-x86_64-debian-gcc, r-devel-linux-x86_64-fedora-clang, r-devel-linux-x86_64-fedora-gcc, r-devel-windows-x86_64