CRAN Package Check Results for Package CausalQueries

Last updated on 2021-03-09 05:47:01 CET.

Flavor Version Tinstall Tcheck Ttotal Status Flags
r-devel-linux-x86_64-debian-clang 0.0.3 146.14 116.28 262.42 NOTE
r-devel-linux-x86_64-debian-gcc 0.0.3 114.16 90.31 204.47 NOTE
r-devel-linux-x86_64-fedora-clang 0.0.3 342.62 NOTE
r-devel-linux-x86_64-fedora-gcc 0.0.3 353.16 NOTE
r-devel-windows-ix86+x86_64 0.0.3 308.00 248.00 556.00 NOTE
r-devel-windows-x86_64-gcc10-UCRT 0.0.3 ERROR
r-patched-linux-x86_64 0.0.3 127.79 112.98 240.77 NOTE
r-patched-solaris-x86 0.0.3 347.00 NOTE
r-release-linux-x86_64 0.0.3 123.57 113.52 237.09 NOTE
r-release-macos-x86_64 0.0.3 NOTE
r-release-windows-ix86+x86_64 0.0.3 219.00 218.00 437.00 NOTE
r-oldrel-macos-x86_64 0.0.3 NOTE
r-oldrel-windows-ix86+x86_64 0.0.3 215.00 163.00 378.00 NOTE

Check Details

Version: 0.0.3
Check: for GNU extensions in Makefiles
Result: NOTE
    GNU make is a SystemRequirements.
Flavors: r-devel-linux-x86_64-debian-clang, r-devel-linux-x86_64-debian-gcc, r-devel-linux-x86_64-fedora-clang, r-devel-linux-x86_64-fedora-gcc, r-devel-windows-ix86+x86_64, r-patched-linux-x86_64, r-patched-solaris-x86, r-release-linux-x86_64, r-release-macos-x86_64, r-release-windows-ix86+x86_64, r-oldrel-macos-x86_64, r-oldrel-windows-ix86+x86_64

Version: 0.0.3
Check: installed package size
Result: NOTE
     installed size is 33.5Mb
     sub-directories of 1Mb or more:
     libs 32.9Mb
Flavors: r-devel-linux-x86_64-fedora-clang, r-release-macos-x86_64, r-oldrel-macos-x86_64

Version: 0.0.3
Check: package dependencies
Result: ERROR
    Packages required but not available: 'dagitty', 'rstan'
    
    See section 'The DESCRIPTION file' in the 'Writing R Extensions'
    manual.
Flavor: r-devel-windows-x86_64-gcc10-UCRT