CRAN Package Check Results for Package CautiousLearning

Last updated on 2022-01-24 05:51:44 CET.

Flavor Version Tinstall Tcheck Ttotal Status Flags
r-devel-linux-x86_64-debian-clang 1.0.1 18.72 38.98 57.70 OK
r-devel-linux-x86_64-debian-gcc 1.0.1 15.31 31.20 46.51 OK
r-devel-linux-x86_64-fedora-clang 1.0.1 85.96 NOTE
r-devel-linux-x86_64-fedora-gcc 1.0.1 63.59 OK
r-devel-windows-x86_64-new-UL 1.0.1 42.00 77.00 119.00 OK
r-devel-windows-x86_64-new-TK 1.0.1 OK
r-patched-linux-x86_64 1.0.1 16.39 37.17 53.56 OK
r-release-linux-x86_64 1.0.1 15.26 36.98 52.24 OK
r-release-macos-arm64 1.0.1 OK
r-release-macos-x86_64 1.0.1 OK
r-release-windows-ix86+x86_64 1.0.1 54.00 82.00 136.00 OK
r-oldrel-macos-x86_64 1.0.1 OK
r-oldrel-windows-ix86+x86_64 1.0.1 54.00 77.00 131.00 OK

Check Details

Version: 1.0.1
Check: Rd cross-references
Result: NOTE
    Undeclared package ‘sitmo’ in Rd xrefs
Flavor: r-devel-linux-x86_64-fedora-clang