Last updated on 2023-09-28 11:55:28 CEST.
Flavor | Version | Tinstall | Tcheck | Ttotal | Status | Flags |
---|---|---|---|---|---|---|
r-devel-linux-x86_64-debian-clang | 3.6 | 44.75 | 413.86 | 458.61 | OK | |
r-devel-linux-x86_64-debian-gcc | 3.6 | 36.33 | 302.72 | 339.05 | OK | |
r-devel-linux-x86_64-fedora-clang | 3.6 | 617.50 | NOTE | |||
r-devel-linux-x86_64-fedora-gcc | 3.6 | 594.03 | NOTE | |||
r-devel-windows-x86_64 | 3.6 | 32.00 | 255.00 | 287.00 | OK | |
r-patched-linux-x86_64 | 3.6 | 37.60 | 397.83 | 435.43 | OK | |
r-release-linux-x86_64 | 3.6 | 30.14 | 404.94 | 435.08 | OK | |
r-release-macos-arm64 | 3.6 | 123.00 | OK | |||
r-release-macos-x86_64 | 3.6 | 265.00 | OK | |||
r-release-windows-x86_64 | 3.6 | 40.00 | 316.00 | 356.00 | OK | |
r-oldrel-macos-arm64 | 3.6 | 263.00 | OK | |||
r-oldrel-macos-x86_64 | 3.6 | 517.00 | OK | |||
r-oldrel-windows-x86_64 | 3.6 | 42.00 | 296.00 | 338.00 | OK |
Version: 3.6
Check: dependencies in R code
Result: NOTE
Namespace in Imports field not imported from: ‘Rcpp’
All declared Imports should be used.
Flavors: r-devel-linux-x86_64-fedora-clang, r-devel-linux-x86_64-fedora-gcc