CRAN Package Check Results for Package Chaos01

Last updated on 2019-09-19 11:46:53 CEST.

Flavor Version Tinstall Tcheck Ttotal Status Flags
r-devel-linux-x86_64-debian-clang 1.2.1 3.37 22.56 25.93 OK
r-devel-linux-x86_64-debian-gcc 1.2.1 2.76 18.24 21.00 OK
r-devel-linux-x86_64-fedora-clang 1.2.1 32.48 OK
r-devel-linux-x86_64-fedora-gcc 1.2.1 31.12 OK
r-devel-windows-ix86+x86_64 1.2.1 16.00 47.00 63.00 OK
r-patched-linux-x86_64 1.2.1 2.75 22.33 25.08 OK
r-patched-solaris-x86 1.2.1 66.20 OK
r-release-linux-x86_64 1.2.1 2.64 22.64 25.28 OK
r-release-windows-ix86+x86_64 1.2.1 10.00 63.00 73.00 OK
r-release-osx-x86_64 1.2.1 NOTE
r-oldrel-windows-ix86+x86_64 1.2.1 9.00 47.00 56.00 OK
r-oldrel-osx-x86_64 1.2.1 NOTE

Check Details

Version: 1.2.1
Check: package dependencies
Result: NOTE
    Package suggested but not available for checking: ‘pbdMPI’
Flavors: r-release-osx-x86_64, r-oldrel-osx-x86_64