CRAN Package Check Results for Package Chaos01

Last updated on 2024-07-23 00:54:24 CEST.

Flavor Version Tinstall Tcheck Ttotal Status Flags
r-devel-linux-x86_64-debian-clang 1.2.1 4.51 29.04 33.55 NOTE
r-devel-linux-x86_64-debian-gcc 1.2.1 3.30 22.02 25.32 NOTE
r-devel-linux-x86_64-fedora-clang 1.2.1 44.15 NOTE
r-devel-linux-x86_64-fedora-gcc 1.2.1 39.92 NOTE
r-devel-windows-x86_64 1.2.1 6.00 46.00 52.00 NOTE
r-patched-linux-x86_64 1.2.1 4.53 28.22 32.75 NOTE
r-release-linux-x86_64 1.2.1 4.30 27.56 31.86 NOTE
r-release-macos-arm64 1.2.1 18.00 NOTE
r-release-macos-x86_64 1.2.1 32.00 NOTE
r-release-windows-x86_64 1.2.1 7.00 46.00 53.00 NOTE
r-oldrel-macos-arm64 1.2.1 18.00 NOTE
r-oldrel-macos-x86_64 1.2.1 24.00 NOTE
r-oldrel-windows-x86_64 1.2.1 6.00 48.00 54.00 NOTE

Check Details

Version: 1.2.1
Check: LazyData
Result: NOTE 'LazyData' is specified without a 'data' directory Flavors: r-devel-linux-x86_64-debian-clang, r-devel-linux-x86_64-debian-gcc, r-devel-linux-x86_64-fedora-clang, r-devel-linux-x86_64-fedora-gcc, r-devel-windows-x86_64, r-patched-linux-x86_64, r-release-linux-x86_64, r-release-macos-arm64, r-release-macos-x86_64, r-release-windows-x86_64, r-oldrel-macos-arm64, r-oldrel-macos-x86_64, r-oldrel-windows-x86_64

Version: 1.2.1
Check: package dependencies
Result: NOTE Package suggested but not available for checking: ‘pbdMPI’ Flavors: r-release-macos-arm64, r-release-macos-x86_64, r-oldrel-macos-arm64, r-oldrel-macos-x86_64