CRAN Package Check Results for Package ChemoSpec2D

Last updated on 2021-07-27 23:51:05 CEST.

Flavor Version Tinstall Tcheck Ttotal Status Flags
r-devel-linux-x86_64-debian-clang 0.4.187 4.93 55.95 60.88 NOTE
r-devel-linux-x86_64-debian-gcc 0.4.187 4.48 44.23 48.71 OK
r-devel-linux-x86_64-fedora-clang 0.4.187 83.31 OK
r-devel-linux-x86_64-fedora-gcc 0.4.187 72.95 OK
r-devel-windows-x86_64 0.4.187 10.00 85.00 95.00 OK
r-devel-windows-x86_64-gcc10-UCRT 0.4.187 OK
r-patched-linux-x86_64 0.4.187 8.52 55.98 64.50 OK
r-patched-solaris-x86 0.4.187 102.80 OK
r-release-linux-x86_64 0.4.187 5.54 54.95 60.49 OK
r-release-macos-arm64 0.4.187 OK
r-release-macos-x86_64 0.4.187 OK
r-release-windows-ix86+x86_64 0.4.187 11.00 62.00 73.00 OK
r-oldrel-macos-x86_64 0.4.187 OK
r-oldrel-windows-ix86+x86_64 0.4.187 9.00 83.00 92.00 OK

Check Details

Version: 0.4.187
Check: package dependencies
Result: NOTE
    Packages suggested but not available for checking:
     'mlrMBO', 'ParamHelpers', 'smoof', 'mlr'
Flavor: r-devel-linux-x86_64-debian-clang