Last updated on 2023-06-07 12:00:31 CEST.
Flavor | Version | Tinstall | Tcheck | Ttotal | Status | Flags |
---|---|---|---|---|---|---|
r-devel-linux-x86_64-debian-clang | 0.0-4 | 4.54 | 41.16 | 45.70 | NOTE | |
r-devel-linux-x86_64-debian-gcc | 0.0-4 | 2.97 | 32.14 | 35.11 | NOTE | |
r-devel-linux-x86_64-fedora-clang | 0.0-4 | 56.48 | NOTE | |||
r-devel-linux-x86_64-fedora-gcc | 0.0-4 | 56.53 | NOTE | |||
r-devel-windows-x86_64 | 0.0-4 | 4.00 | 54.00 | 58.00 | NOTE | |
r-patched-linux-x86_64 | 0.0-4 | 4.10 | 41.00 | 45.10 | NOTE | |
r-release-linux-x86_64 | 0.0-4 | 3.70 | 39.83 | 43.53 | NOTE | |
r-release-macos-arm64 | 0.0-4 | 22.00 | NOTE | |||
r-release-macos-x86_64 | 0.0-4 | 32.00 | NOTE | |||
r-release-windows-x86_64 | 0.0-4 | 4.00 | 57.00 | 61.00 | NOTE | |
r-oldrel-macos-arm64 | 0.0-4 | 23.00 | NOTE | |||
r-oldrel-macos-x86_64 | 0.0-4 | 32.00 | NOTE | |||
r-oldrel-windows-x86_64 | 0.0-4 | 6.00 | 57.00 | 63.00 | NOTE |
Version: 0.0-4
Check: LazyData
Result: NOTE
'LazyData' is specified without a 'data' directory
Flavors: r-devel-linux-x86_64-debian-clang, r-devel-linux-x86_64-debian-gcc, r-devel-linux-x86_64-fedora-clang, r-devel-linux-x86_64-fedora-gcc, r-devel-windows-x86_64, r-patched-linux-x86_64, r-release-linux-x86_64, r-release-macos-arm64, r-release-macos-x86_64, r-release-windows-x86_64, r-oldrel-macos-arm64, r-oldrel-macos-x86_64, r-oldrel-windows-x86_64