Last updated on 2024-08-31 23:49:00 CEST.
Flavor | Version | Tinstall | Tcheck | Ttotal | Status | Flags |
---|---|---|---|---|---|---|
r-devel-linux-x86_64-debian-clang | 0.1-1 | 2.18 | 34.30 | 36.48 | NOTE | |
r-devel-linux-x86_64-debian-gcc | 0.1-1 | 1.55 | 25.54 | 27.09 | NOTE | |
r-devel-linux-x86_64-fedora-clang | 0.1-1 | 60.81 | OK | |||
r-devel-linux-x86_64-fedora-gcc | 0.1-1 | 56.26 | OK | |||
r-devel-windows-x86_64 | 0.1-1 | 3.00 | 52.00 | 55.00 | NOTE | |
r-patched-linux-x86_64 | 0.1-1 | 5.62 | 32.51 | 38.13 | OK | |
r-release-linux-x86_64 | 0.1-1 | 2.08 | 32.14 | 34.22 | OK | |
r-release-macos-arm64 | 0.1-1 | 18.00 | OK | |||
r-release-macos-x86_64 | 0.1-1 | 33.00 | OK | |||
r-release-windows-x86_64 | 0.1-1 | 4.00 | 55.00 | 59.00 | OK | |
r-oldrel-macos-arm64 | 0.1-1 | 21.00 | OK | |||
r-oldrel-macos-x86_64 | 0.1-1 | 29.00 | OK | |||
r-oldrel-windows-x86_64 | 0.1-1 | 4.00 | 54.00 | 58.00 | OK |
Version: 0.1-1
Check: Rd cross-references
Result: NOTE
Found the following Rd file(s) with Rd \link{} targets missing package
anchors:
liftHurstC.Rd: artificial.levels, Hfrombeta
liftHurstCC.Rd: artificial.levels, Hfrombeta
Please provide package anchors for all Rd \link{} targets not in the
package itself and the base packages.
Flavors: r-devel-linux-x86_64-debian-clang, r-devel-linux-x86_64-debian-gcc, r-devel-windows-x86_64