Last updated on 2025-01-17 17:48:20 CET.
Flavor | Version | Tinstall | Tcheck | Ttotal | Status | Flags |
---|---|---|---|---|---|---|
r-devel-linux-x86_64-debian-clang | 1.2 | 8.04 | 73.08 | 81.12 | ERROR | |
r-devel-linux-x86_64-debian-gcc | 1.2 | 5.87 | 54.48 | 60.35 | ERROR | |
r-devel-linux-x86_64-fedora-clang | 1.4 | 74.04 | OK | |||
r-devel-linux-x86_64-fedora-gcc | 1.4 | 79.51 | OK | |||
r-devel-windows-x86_64 | 1.4 | 11.00 | 88.00 | 99.00 | OK | |
r-patched-linux-x86_64 | 1.2 | 7.58 | 69.47 | 77.05 | ERROR | |
r-release-linux-x86_64 | 1.2 | 6.86 | 68.32 | 75.18 | ERROR | |
r-release-macos-arm64 | 1.4 | 55.00 | OK | |||
r-release-macos-x86_64 | 1.4 | 113.00 | OK | |||
r-release-windows-x86_64 | 1.2 | 9.00 | 90.00 | 99.00 | ERROR | |
r-oldrel-macos-arm64 | 1.4 | 54.00 | OK | |||
r-oldrel-macos-x86_64 | 1.4 | 97.00 | OK | |||
r-oldrel-windows-x86_64 | 1.2 | 10.00 | 103.00 | 113.00 | ERROR |
Version: 1.2
Check: re-building of vignette outputs
Result: ERROR
Error(s) in re-building vignettes:
...
--- re-building ‘Overview.Rmd’ using rmarkdown
Quitting from lines 70-79 [temperature] (Overview.Rmd)
Error: processing vignette 'Overview.Rmd' failed with diagnostics:
HTTP (422) - The request was well-formed but was unable to be followed
due to semantic errors (WebDAV; RFC 4918) A maximum of 1 parameters are can
currently be requested in one submission.
--- failed re-building ‘Overview.Rmd’
SUMMARY: processing the following file failed:
‘Overview.Rmd’
Error: Vignette re-building failed.
Execution halted
Flavors: r-devel-linux-x86_64-debian-clang, r-devel-linux-x86_64-debian-gcc, r-patched-linux-x86_64, r-release-linux-x86_64
Version: 1.2
Check: re-building of vignette outputs
Result: ERROR
Error(s) in re-building vignettes:
--- re-building 'Overview.Rmd' using rmarkdown
Quitting from lines 70-79 [temperature] (Overview.Rmd)
Error: processing vignette 'Overview.Rmd' failed with diagnostics:
HTTP (422) - The request was well-formed but was unable to be followed
due to semantic errors (WebDAV; RFC 4918) A maximum of 1 parameters are can
currently be requested in one submission.
--- failed re-building 'Overview.Rmd'
SUMMARY: processing the following file failed:
'Overview.Rmd'
Error: Vignette re-building failed.
Execution halted
Flavors: r-release-windows-x86_64, r-oldrel-windows-x86_64