Last updated on 2024-08-16 11:49:37 CEST.
Flavor | Version | Tinstall | Tcheck | Ttotal | Status | Flags |
---|---|---|---|---|---|---|
r-devel-linux-x86_64-debian-clang | 1.2.0 | 30.96 | 79.62 | 110.58 | NOTE | |
r-devel-linux-x86_64-debian-gcc | 1.2.0 | 20.56 | 57.56 | 78.12 | NOTE | |
r-devel-linux-x86_64-fedora-clang | 1.2.0 | 184.92 | OK | |||
r-devel-linux-x86_64-fedora-gcc | 1.2.0 | 178.28 | OK | |||
r-devel-windows-x86_64 | 1.2.0 | 36.00 | 104.00 | 140.00 | NOTE | |
r-patched-linux-x86_64 | 1.2.0 | 33.84 | 75.44 | 109.28 | OK | |
r-release-linux-x86_64 | 1.2.0 | 24.89 | 75.41 | 100.30 | OK | |
r-release-macos-arm64 | 1.2.0 | 50.00 | OK | |||
r-release-macos-x86_64 | 1.2.0 | 72.00 | OK | |||
r-release-windows-x86_64 | 1.2.0 | 36.00 | 105.00 | 141.00 | OK | |
r-oldrel-macos-arm64 | 1.2.0 | 56.00 | OK | |||
r-oldrel-macos-x86_64 | 1.2.0 | 87.00 | OK | |||
r-oldrel-windows-x86_64 | 1.2.0 | 44.00 | 134.00 | 178.00 | OK |
Version: 1.2.0
Check: Rd cross-references
Result: NOTE
Found the following Rd file(s) with Rd \link{} targets missing package
anchors:
clusvisMixmod.Rd: MixmodCluster-class
clusvisVarSelLCM.Rd: VSLCMresults-class
Please provide package anchors for all Rd \link{} targets not in the
package itself and the base packages.
Flavors: r-devel-linux-x86_64-debian-clang, r-devel-linux-x86_64-debian-gcc, r-devel-windows-x86_64