Last updated on 2024-08-31 23:49:00 CEST.
Flavor | Version | Tinstall | Tcheck | Ttotal | Status | Flags |
---|---|---|---|---|---|---|
r-devel-linux-x86_64-debian-clang | 1.0.1 | 2.33 | 60.68 | 63.01 | NOTE | |
r-devel-linux-x86_64-debian-gcc | 1.0.1 | 1.63 | 41.92 | 43.55 | NOTE | |
r-devel-linux-x86_64-fedora-clang | 1.0.1 | 100.47 | OK | |||
r-devel-linux-x86_64-fedora-gcc | 1.0.1 | 110.97 | OK | |||
r-devel-windows-x86_64 | 1.0.1 | 3.00 | 148.00 | 151.00 | NOTE | |
r-patched-linux-x86_64 | 1.0.1 | 5.21 | 58.68 | 63.89 | OK | |
r-release-linux-x86_64 | 1.0.1 | 2.25 | 59.23 | 61.48 | OK | |
r-release-macos-arm64 | 1.0.1 | 38.00 | OK | |||
r-release-macos-x86_64 | 1.0.1 | 61.00 | OK | |||
r-release-windows-x86_64 | 1.0.1 | 3.00 | 147.00 | 150.00 | OK | |
r-oldrel-macos-arm64 | 1.0.1 | 54.00 | OK | |||
r-oldrel-macos-x86_64 | 1.0.1 | 83.00 | OK | |||
r-oldrel-windows-x86_64 | 1.0.1 | 4.00 | 155.00 | 159.00 | OK |
Version: 1.0.1
Check: Rd cross-references
Result: NOTE
Found the following Rd file(s) with Rd \link{} targets missing package
anchors:
dissmutmatrix.Rd: dissplot
Please provide package anchors for all Rd \link{} targets not in the
package itself and the base packages.
Flavors: r-devel-linux-x86_64-debian-clang, r-devel-linux-x86_64-debian-gcc, r-devel-windows-x86_64