Last updated on 2024-08-31 23:49:01 CEST.
Flavor | Version | Tinstall | Tcheck | Ttotal | Status | Flags |
---|---|---|---|---|---|---|
r-devel-linux-x86_64-debian-clang | 0.3-2 | 8.23 | 64.86 | 73.09 | NOTE | |
r-devel-linux-x86_64-debian-gcc | 0.3-2 | 5.20 | 48.02 | 53.22 | NOTE | |
r-devel-linux-x86_64-fedora-clang | 0.3-2 | 119.31 | OK | |||
r-devel-linux-x86_64-fedora-gcc | 0.3-2 | 107.66 | OK | |||
r-devel-windows-x86_64 | 0.3-2 | 8.00 | 73.00 | 81.00 | NOTE | |
r-patched-linux-x86_64 | 0.3-2 | 8.65 | 61.77 | 70.42 | OK | |
r-release-linux-x86_64 | 0.3-2 | 6.99 | 61.29 | 68.28 | OK | |
r-release-macos-arm64 | 0.3-2 | 34.00 | OK | |||
r-release-macos-x86_64 | 0.3-2 | 53.00 | OK | |||
r-release-windows-x86_64 | 0.3-2 | 9.00 | 72.00 | 81.00 | OK | |
r-oldrel-macos-arm64 | 0.3-2 | 38.00 | OK | |||
r-oldrel-macos-x86_64 | 0.3-2 | 63.00 | OK | |||
r-oldrel-windows-x86_64 | 0.3-2 | 11.00 | 91.00 | 102.00 | OK |
Version: 0.3-2
Check: Rd cross-references
Result: NOTE
Found the following Rd file(s) with Rd \link{} targets missing package
anchors:
CoClust-class.Rd: copula-class
CoClust.Rd: fitCopula
Please provide package anchors for all Rd \link{} targets not in the
package itself and the base packages.
Flavors: r-devel-linux-x86_64-debian-clang, r-devel-linux-x86_64-debian-gcc, r-devel-windows-x86_64