Last updated on 2024-08-31 23:49:01 CEST.
Flavor | Version | Tinstall | Tcheck | Ttotal | Status | Flags |
---|---|---|---|---|---|---|
r-devel-linux-x86_64-debian-clang | 1.0.4 | 7.99 | 88.28 | 96.27 | NOTE | |
r-devel-linux-x86_64-debian-gcc | 1.0.4 | 5.47 | 63.85 | 69.32 | NOTE | |
r-devel-linux-x86_64-fedora-clang | 1.0.4 | 156.53 | NOTE | |||
r-devel-linux-x86_64-fedora-gcc | 1.0.4 | 160.90 | NOTE | |||
r-devel-windows-x86_64 | 1.0.4 | 8.00 | 104.00 | 112.00 | NOTE | |
r-patched-linux-x86_64 | 1.0.4 | 6.05 | 83.45 | 89.50 | NOTE | |
r-release-linux-x86_64 | 1.0.4 | 8.23 | 84.24 | 92.47 | NOTE | |
r-release-macos-arm64 | 1.0.4 | 52.00 | NOTE | |||
r-release-macos-x86_64 | 1.0.4 | 81.00 | NOTE | |||
r-release-windows-x86_64 | 1.0.4 | 9.00 | 108.00 | 117.00 | NOTE | |
r-oldrel-macos-arm64 | 1.0.4 | 58.00 | NOTE | |||
r-oldrel-macos-x86_64 | 1.0.4 | 89.00 | NOTE | |||
r-oldrel-windows-x86_64 | 1.0.4 | 11.00 | 130.00 | 141.00 | NOTE |
Version: 1.0.4
Check: LazyData
Result: NOTE
'LazyData' is specified without a 'data' directory
Flavors: r-devel-linux-x86_64-debian-clang, r-devel-linux-x86_64-debian-gcc, r-devel-linux-x86_64-fedora-clang, r-devel-linux-x86_64-fedora-gcc, r-devel-windows-x86_64, r-patched-linux-x86_64, r-release-linux-x86_64, r-release-macos-arm64, r-release-macos-x86_64, r-release-windows-x86_64, r-oldrel-macos-arm64, r-oldrel-macos-x86_64, r-oldrel-windows-x86_64