CRAN Package Check Results for Package CollocInfer

Last updated on 2021-05-08 23:47:49 CEST.

Flavor Version Tinstall Tcheck Ttotal Status Flags
r-devel-linux-x86_64-debian-clang 1.0.4 16.16 119.58 135.74 OK
r-devel-linux-x86_64-debian-gcc 1.0.4 12.68 91.86 104.54 OK
r-devel-linux-x86_64-fedora-clang 1.0.4 177.77 OK
r-devel-linux-x86_64-fedora-gcc 1.0.4 161.97 OK
r-devel-windows-ix86+x86_64 1.0.4 35.00 145.00 180.00 OK
r-devel-windows-x86_64-gcc10-UCRT 1.0.4 OK
r-patched-linux-x86_64 1.0.4 18.12 117.22 135.34 OK
r-patched-solaris-x86 1.0.4 223.60 OK
r-release-linux-x86_64 1.0.4 16.23 110.30 126.53 OK
r-release-macos-x86_64 1.0.4 OK
r-release-windows-ix86+x86_64 1.0.4 23.00 101.00 124.00 OK
r-oldrel-macos-x86_64 1.0.4 OK
r-oldrel-windows-ix86+x86_64 1.0.4 29.00 5.00 34.00 ERROR

Check Details

Version: 1.0.4
Check: whether package can be installed
Result: ERROR
    Installation failed.
Flavor: r-oldrel-windows-ix86+x86_64