CRAN Package Check Results for Package Comp2ROC

Last updated on 2025-04-30 12:49:00 CEST.

Flavor Version Tinstall Tcheck Ttotal Status Flags
r-devel-linux-x86_64-debian-clang 1.1.4 3.28 30.40 33.68 NOTE
r-devel-linux-x86_64-debian-gcc 1.1.4 1.74 23.54 25.28 NOTE
r-devel-linux-x86_64-fedora-clang 1.1.4 52.02 OK
r-devel-linux-x86_64-fedora-gcc 1.1.4 49.05 OK
r-devel-windows-x86_64 1.1.4 4.00 56.00 60.00 OK
r-patched-linux-x86_64 1.1.4 3.18 29.16 32.34 OK
r-release-linux-x86_64 1.1.4 3.09 29.00 32.09 OK
r-release-macos-arm64 1.1.4 23.00 OK
r-release-macos-x86_64 1.1.4 33.00 OK
r-release-windows-x86_64 1.1.4 5.00 54.00 59.00 OK
r-oldrel-macos-arm64 1.1.4 21.00 OK
r-oldrel-macos-x86_64 1.1.4 29.00 OK
r-oldrel-windows-x86_64 1.1.4 5.00 56.00 61.00 OK

Additional issues

donttest

Check Details

Version: 1.1.4
Check: CRAN incoming feasibility
Result: NOTE Maintainer: ‘Ana C. Braga <acb@dps.uminho.pt>’ No Authors@R field in DESCRIPTION. Please add one, modifying Authors@R: c(person(given = c("Ana", "C.", "Braga", "with", "contributions", "from", "Hugo"), family = "Frade", role = "aut"), person(given = "Sara", family = "Carvalho", role = "aut"), person(given = c("Andre", "M."), family = "Santiago", role = "aut"), person(given = c("Ana", "C."), family = "Braga", role = "cre", email = "acb@dps.uminho.pt")) as necessary. Flavors: r-devel-linux-x86_64-debian-clang, r-devel-linux-x86_64-debian-gcc