Last updated on 2023-09-23 11:50:13 CEST.
Flavor | Version | Tinstall | Tcheck | Ttotal | Status | Flags |
---|---|---|---|---|---|---|
r-devel-linux-x86_64-debian-clang | 0.2.0 | 2.53 | 22.21 | 24.74 | NOTE | |
r-devel-linux-x86_64-debian-gcc | 0.2.0 | 1.83 | 19.34 | 21.17 | NOTE | |
r-devel-linux-x86_64-fedora-clang | 0.2.0 | 31.16 | NOTE | |||
r-devel-linux-x86_64-fedora-gcc | 0.2.0 | 30.16 | NOTE | |||
r-devel-windows-x86_64 | 0.2.0 | 4.00 | 39.00 | 43.00 | NOTE | |
r-patched-linux-x86_64 | 0.2.0 | 2.54 | 21.89 | 24.43 | OK | |
r-release-linux-x86_64 | 0.2.0 | 2.35 | 21.88 | 24.23 | OK | |
r-release-macos-arm64 | 0.2.0 | 15.00 | OK | |||
r-release-macos-x86_64 | 0.2.0 | 51.00 | OK | |||
r-release-windows-x86_64 | 0.2.0 | 4.00 | 43.00 | 47.00 | OK | |
r-oldrel-macos-arm64 | 0.2.0 | 14.00 | OK | |||
r-oldrel-macos-x86_64 | 0.2.0 | 19.00 | OK | |||
r-oldrel-windows-x86_64 | 0.2.0 | 41.00 | 42.00 | 83.00 | OK |
Version: 0.2.0
Check: Rd metadata
Result: NOTE
Rd files without \alias:
‘CompoundEvents-package.Rd’
Flavors: r-devel-linux-x86_64-debian-clang, r-devel-linux-x86_64-debian-gcc, r-devel-linux-x86_64-fedora-clang, r-devel-linux-x86_64-fedora-gcc, r-devel-windows-x86_64