Last updated on 2024-08-16 11:49:37 CEST.
Flavor | Version | Tinstall | Tcheck | Ttotal | Status | Flags |
---|---|---|---|---|---|---|
r-devel-linux-x86_64-debian-clang | 0.4.6.1 | 23.11 | 40.33 | 63.44 | OK | |
r-devel-linux-x86_64-debian-gcc | 0.4.6.1 | 20.60 | 28.58 | 49.18 | OK | |
r-devel-linux-x86_64-fedora-clang | 0.4.6.1 | 101.40 | NOTE | |||
r-devel-linux-x86_64-fedora-gcc | 0.4.6.1 | 113.05 | NOTE | |||
r-devel-windows-x86_64 | 0.4.6.1 | 23.00 | 75.00 | 98.00 | OK | |
r-patched-linux-x86_64 | 0.4.6.1 | 27.77 | 37.29 | 65.06 | OK | |
r-release-linux-x86_64 | 0.4.6.1 | 26.35 | 38.08 | 64.43 | OK | |
r-release-macos-arm64 | 0.4.6.1 | 29.00 | NOTE | |||
r-release-macos-x86_64 | 0.4.6.1 | 47.00 | NOTE | |||
r-release-windows-x86_64 | 0.4.6.1 | 23.00 | 75.00 | 98.00 | OK | |
r-oldrel-macos-arm64 | 0.4.6.1 | 35.00 | NOTE | |||
r-oldrel-macos-x86_64 | 0.4.6.1 | 54.00 | NOTE | |||
r-oldrel-windows-x86_64 | 0.4.6.1 | 22.00 | 91.00 | 113.00 | OK |
Version: 0.4.6.1
Check: compiled code
Result: NOTE
File ‘ConConPiWiFun/libs/ConConPiWiFun.so’:
Found no calls to: ‘R_registerRoutines’, ‘R_useDynamicSymbols’
It is good practice to register native routines and to disable symbol
search.
See ‘Writing portable packages’ in the ‘Writing R Extensions’ manual.
Flavors: r-devel-linux-x86_64-fedora-clang, r-devel-linux-x86_64-fedora-gcc
Version: 0.4.6.1
Check: installed package size
Result: NOTE
installed size is 5.6Mb
sub-directories of 1Mb or more:
libs 5.4Mb
Flavors: r-release-macos-arm64, r-release-macos-x86_64, r-oldrel-macos-arm64, r-oldrel-macos-x86_64