Last updated on 2024-08-16 11:49:37 CEST.
Flavor | Version | Tinstall | Tcheck | Ttotal | Status | Flags |
---|---|---|---|---|---|---|
r-devel-linux-x86_64-debian-clang | 0.1.2 | 13.49 | 129.63 | 143.12 | OK | |
r-devel-linux-x86_64-debian-gcc | 0.1.2 | 10.85 | 93.60 | 104.45 | OK | |
r-devel-linux-x86_64-fedora-clang | 0.1.2 | 236.40 | NOTE | |||
r-devel-linux-x86_64-fedora-gcc | 0.1.2 | 239.84 | NOTE | |||
r-devel-windows-x86_64 | 0.1.2 | 15.00 | 133.00 | 148.00 | OK | |
r-patched-linux-x86_64 | 0.1.2 | 11.68 | 125.34 | 137.02 | OK | |
r-release-linux-x86_64 | 0.1.2 | 10.83 | 126.75 | 137.58 | OK | |
r-release-macos-arm64 | 0.1.2 | 69.00 | OK | |||
r-release-macos-x86_64 | 0.1.2 | 99.00 | OK | |||
r-release-windows-x86_64 | 0.1.2 | 16.00 | 134.00 | 150.00 | OK | |
r-oldrel-macos-arm64 | 0.1.2 | 69.00 | OK | |||
r-oldrel-macos-x86_64 | 0.1.2 | 122.00 | OK | |||
r-oldrel-windows-x86_64 | 0.1.2 | 19.00 | 171.00 | 190.00 | OK |
Version: 0.1.2
Check: dependencies in R code
Result: NOTE
Namespaces in Imports field not imported from:
‘kernlab’ ‘purrr’ ‘survminer’ ‘tidyverse’
All declared Imports should be used.
Flavors: r-devel-linux-x86_64-fedora-clang, r-devel-linux-x86_64-fedora-gcc