Last updated on 2024-04-23 05:58:07 CEST.
Flavor | Version | Tinstall | Tcheck | Ttotal | Status | Flags |
---|---|---|---|---|---|---|
r-devel-linux-x86_64-debian-clang | 0.1.2 | 12.87 | 167.33 | 180.20 | OK | |
r-devel-linux-x86_64-debian-gcc | 0.1.2 | 12.75 | 125.72 | 138.47 | OK | |
r-devel-linux-x86_64-fedora-clang | 0.1.2 | 230.40 | NOTE | |||
r-devel-linux-x86_64-fedora-gcc | 0.1.2 | 231.78 | NOTE | |||
r-prerel-macos-arm64 | 0.1.2 | 69.00 | OK | |||
r-prerel-windows-x86_64 | 0.1.2 | 15.00 | 132.00 | 147.00 | OK | |
r-patched-linux-x86_64 | 0.1.2 | 13.18 | 158.35 | 171.53 | OK | |
r-release-linux-x86_64 | 0.1.2 | 16.00 | 159.02 | 175.02 | OK | |
r-release-macos-arm64 | 0.1.2 | 69.00 | OK | |||
r-release-macos-x86_64 | 0.1.2 | 122.00 | OK | |||
r-release-windows-x86_64 | 0.1.2 | 18.00 | 164.00 | 182.00 | OK | |
r-oldrel-macos-arm64 | 0.1.2 | 57.00 | NOTE | |||
r-oldrel-windows-x86_64 | 0.1.2 | 20.00 | 170.00 | 190.00 | OK |
Version: 0.1.2
Check: dependencies in R code
Result: NOTE
Namespaces in Imports field not imported from:
‘kernlab’ ‘purrr’ ‘survminer’ ‘tidyverse’
All declared Imports should be used.
Flavors: r-devel-linux-x86_64-fedora-clang, r-devel-linux-x86_64-fedora-gcc, r-oldrel-macos-arm64