Last updated on 2023-10-03 01:04:47 CEST.
Flavor | Version | Tinstall | Tcheck | Ttotal | Status | Flags |
---|---|---|---|---|---|---|
r-devel-linux-x86_64-debian-clang | 0.4.4 | 16.23 | 137.07 | 153.30 | NOTE | |
r-devel-linux-x86_64-debian-gcc | 0.4.4 | 12.63 | 101.87 | 114.50 | NOTE | |
r-devel-linux-x86_64-fedora-clang | 0.4.4 | 186.88 | NOTE | |||
r-devel-linux-x86_64-fedora-gcc | 0.4.4 | 178.81 | NOTE | |||
r-devel-windows-x86_64 | 0.4.4 | 16.00 | 108.00 | 124.00 | NOTE | |
r-patched-linux-x86_64 | 0.4.4 | 17.42 | 129.36 | 146.78 | NOTE | |
r-release-linux-x86_64 | 0.4.4 | 16.50 | 130.38 | 146.88 | NOTE | |
r-release-macos-arm64 | 0.4.4 | 34.00 | NOTE | |||
r-release-macos-x86_64 | 0.4.4 | 60.00 | NOTE | |||
r-release-windows-x86_64 | 0.4.4 | 23.00 | 131.00 | 154.00 | NOTE | |
r-oldrel-macos-arm64 | 0.4.4 | 32.00 | NOTE | |||
r-oldrel-macos-x86_64 | 0.4.4 | 67.00 | NOTE | |||
r-oldrel-windows-x86_64 | 0.4.4 | 20.00 | 136.00 | 156.00 | NOTE |
Version: 0.4.4
Check: LazyData
Result: NOTE
'LazyData' is specified without a 'data' directory
Flavors: r-devel-linux-x86_64-debian-clang, r-devel-linux-x86_64-debian-gcc, r-devel-linux-x86_64-fedora-clang, r-devel-linux-x86_64-fedora-gcc, r-devel-windows-x86_64, r-patched-linux-x86_64, r-release-linux-x86_64, r-release-macos-arm64, r-release-macos-x86_64, r-release-windows-x86_64, r-oldrel-macos-arm64, r-oldrel-macos-x86_64, r-oldrel-windows-x86_64