Last updated on 2023-03-31 11:54:06 CEST.
Flavor | Version | Tinstall | Tcheck | Ttotal | Status | Flags |
---|---|---|---|---|---|---|
r-devel-linux-x86_64-debian-clang | 0.1.0 | 5.12 | 53.68 | 58.80 | OK | |
r-devel-linux-x86_64-debian-gcc | 0.1.0 | 4.62 | 41.16 | 45.78 | OK | |
r-devel-linux-x86_64-fedora-clang | 0.1.0 | 76.72 | NOTE | |||
r-devel-linux-x86_64-fedora-gcc | 0.1.0 | 88.61 | NOTE | |||
r-devel-windows-x86_64 | 0.1.0 | 33.00 | 93.00 | 126.00 | OK | |
r-patched-linux-x86_64 | 0.1.0 | 4.04 | 51.94 | 55.98 | OK | |
r-release-linux-x86_64 | 0.1.0 | 3.65 | 52.66 | 56.31 | OK | |
r-release-macos-arm64 | 0.1.0 | 29.00 | OK | |||
r-release-macos-x86_64 | 0.1.0 | 44.00 | OK | |||
r-release-windows-x86_64 | 0.1.0 | 23.00 | 99.00 | 122.00 | OK | |
r-oldrel-macos-arm64 | 0.1.0 | 35.00 | OK | |||
r-oldrel-macos-x86_64 | 0.1.0 | 53.00 | OK | |||
r-oldrel-windows-ix86+x86_64 | 0.1.0 | 17.00 | 113.00 | 130.00 | NOTE |
Version: 0.1.0
Check: compiled code
Result: NOTE
File ‘ConsReg/libs/ConsReg.so’:
Found no calls to: ‘R_registerRoutines’, ‘R_useDynamicSymbols’
It is good practice to register native routines and to disable symbol
search.
See ‘Writing portable packages’ in the ‘Writing R Extensions’ manual.
Flavors: r-devel-linux-x86_64-fedora-clang, r-devel-linux-x86_64-fedora-gcc
Version: 0.1.0
Check: dependencies in R code
Result: NOTE
Initiating curl with CURL_SSL_BACKEND: openssl
Flavor: r-oldrel-windows-ix86+x86_64