CRAN Package Check Results for Package CooccurrenceAffinity

Last updated on 2024-05-22 12:21:18 CEST.

Flavor Version Tinstall Tcheck Ttotal Status Flags
r-devel-linux-x86_64-debian-clang 1.0 6.49 73.19 79.68 NOTE
r-devel-linux-x86_64-debian-gcc 1.0 6.20 52.41 58.61 NOTE
r-devel-linux-x86_64-fedora-clang 1.0 96.71 NOTE
r-devel-linux-x86_64-fedora-gcc 1.0 90.70 NOTE
r-devel-windows-x86_64 1.0 8.00 76.00 84.00 NOTE
r-patched-linux-x86_64 1.0 5.94 68.65 74.59 NOTE
r-release-linux-x86_64 1.0 6.76 67.25 74.01 NOTE
r-release-macos-arm64 1.0 29.00 NOTE
r-release-windows-x86_64 1.0 9.00 76.00 85.00 NOTE
r-oldrel-macos-arm64 1.0 32.00 OK
r-oldrel-macos-x86_64 1.0 100.00 OK
r-oldrel-windows-x86_64 1.0 10.00 84.00 94.00 OK

Check Details

Version: 1.0
Check: Rd files
Result: NOTE checkRd: (-1) CovrgPlot.Rd:28: Lost braces; missing escapes or markup? 28 | \item{plotCI}{a vector of up to 4 numbers out of the set {1,2,3,4}, corresponding to which | ^ Flavors: r-devel-linux-x86_64-debian-clang, r-devel-linux-x86_64-debian-gcc, r-devel-linux-x86_64-fedora-clang, r-devel-linux-x86_64-fedora-gcc, r-devel-windows-x86_64, r-patched-linux-x86_64, r-release-linux-x86_64, r-release-macos-arm64, r-release-windows-x86_64