Last updated on 2024-08-16 11:49:37 CEST.
Flavor | Version | Tinstall | Tcheck | Ttotal | Status | Flags |
---|---|---|---|---|---|---|
r-devel-linux-x86_64-debian-clang | 0.1.0 | 6.59 | 47.75 | 54.34 | NOTE | |
r-devel-linux-x86_64-debian-gcc | 0.1.0 | 5.76 | 35.46 | 41.22 | NOTE | |
r-devel-linux-x86_64-fedora-clang | 0.1.0 | 90.95 | OK | |||
r-devel-linux-x86_64-fedora-gcc | 0.1.0 | 81.51 | OK | |||
r-devel-windows-x86_64 | 0.1.0 | 9.00 | 63.00 | 72.00 | NOTE | |
r-patched-linux-x86_64 | 0.1.0 | 13.36 | 45.27 | 58.63 | OK | |
r-release-linux-x86_64 | 0.1.0 | 7.38 | 45.85 | 53.23 | OK | |
r-release-macos-arm64 | 0.1.0 | 31.00 | OK | |||
r-release-macos-x86_64 | 0.1.0 | 42.00 | OK | |||
r-release-windows-x86_64 | 0.1.0 | 9.00 | 65.00 | 74.00 | OK | |
r-oldrel-macos-arm64 | 0.1.0 | 31.00 | OK | |||
r-oldrel-macos-x86_64 | 0.1.0 | 48.00 | OK | |||
r-oldrel-windows-x86_64 | 0.1.0 | 11.00 | 77.00 | 88.00 | OK |
Version: 0.1.0
Check: Rd cross-references
Result: NOTE
Found the following Rd file(s) with Rd \link{} targets missing package
anchors:
bcalibrate.Rd: kEstimate, pca
cal_rv.Rd: kEstimate, pca
gcalibrate.Rd: kEstimate, pca
plot_estimates.Rd: theme
Please provide package anchors for all Rd \link{} targets not in the
package itself and the base packages.
Flavors: r-devel-linux-x86_64-debian-clang, r-devel-linux-x86_64-debian-gcc, r-devel-windows-x86_64