Last updated on 2024-04-24 12:56:31 CEST.
Flavor | Version | Tinstall | Tcheck | Ttotal | Status | Flags |
---|---|---|---|---|---|---|
r-devel-linux-x86_64-debian-clang | 1.0.3 | 6.53 | 48.30 | 54.83 | OK | |
r-devel-linux-x86_64-debian-gcc | 1.0.3 | 4.28 | 37.16 | 41.44 | OK | |
r-devel-linux-x86_64-fedora-clang | 1.0.3 | 66.58 | NOTE | |||
r-devel-linux-x86_64-fedora-gcc | 1.0.3 | 79.31 | OK | |||
r-devel-windows-x86_64 | 1.0.3 | 6.00 | 55.00 | 61.00 | NOTE | |
r-patched-linux-x86_64 | 1.0.3 | 5.94 | 46.84 | 52.78 | OK | |
r-release-linux-x86_64 | 1.0.3 | 4.28 | 44.98 | 49.26 | OK | |
r-release-macos-arm64 | 1.0.3 | 36.00 | NOTE | |||
r-release-windows-x86_64 | 1.0.3 | 5.00 | 55.00 | 60.00 | NOTE | |
r-oldrel-macos-arm64 | 1.0.3 | 31.00 | NOTE | |||
r-oldrel-macos-x86_64 | 1.0.3 | 68.00 | NOTE | |||
r-oldrel-windows-x86_64 | 1.0.3 | 8.00 | 66.00 | 74.00 | NOTE |
Version: 1.0.3
Check: installed package size
Result: NOTE
installed size is 7.5Mb
sub-directories of 1Mb or more:
doc 2.3Mb
vignette_data 2.6Mb
Flavors: r-devel-linux-x86_64-fedora-clang, r-devel-windows-x86_64, r-release-macos-arm64, r-release-windows-x86_64, r-oldrel-macos-arm64, r-oldrel-macos-x86_64, r-oldrel-windows-x86_64