CRAN Package Check Results for Package CorBin

Last updated on 2021-10-28 11:51:23 CEST.

Flavor Version Tinstall Tcheck Ttotal Status Flags
r-devel-linux-x86_64-debian-clang 1.0.0 2.37 20.95 23.32 NOTE
r-devel-linux-x86_64-debian-gcc 1.0.0 1.93 16.61 18.54 NOTE
r-devel-linux-x86_64-fedora-clang 1.0.0 39.20 NOTE
r-devel-linux-x86_64-fedora-gcc 1.0.0 28.55 NOTE
r-devel-windows-x86_64 1.0.0 5.00 35.00 40.00 NOTE
r-devel-windows-x86_64-gcc10-UCRT 1.0.0 NOTE
r-patched-linux-x86_64 1.0.0 2.27 20.43 22.70 NOTE
r-patched-solaris-x86 1.0.0 44.20 NOTE
r-release-linux-x86_64 1.0.0 2.25 20.37 22.62 NOTE
r-release-macos-arm64 1.0.0 NOTE
r-release-macos-x86_64 1.0.0 NOTE
r-release-windows-ix86+x86_64 1.0.0 6.00 33.00 39.00 NOTE
r-oldrel-macos-x86_64 1.0.0 OK
r-oldrel-windows-ix86+x86_64 1.0.0 5.00 28.00 33.00 OK

Check Details

Version: 1.0.0
Check: LazyData
Result: NOTE
     'LazyData' is specified without a 'data' directory
Flavors: r-devel-linux-x86_64-debian-clang, r-devel-linux-x86_64-debian-gcc, r-devel-linux-x86_64-fedora-clang, r-devel-linux-x86_64-fedora-gcc, r-devel-windows-x86_64, r-devel-windows-x86_64-gcc10-UCRT, r-patched-linux-x86_64, r-patched-solaris-x86, r-release-linux-x86_64, r-release-macos-arm64, r-release-macos-x86_64, r-release-windows-ix86+x86_64