Last updated on 2024-04-24 12:56:31 CEST.
Flavor | Version | Tinstall | Tcheck | Ttotal | Status | Flags |
---|---|---|---|---|---|---|
r-devel-linux-x86_64-debian-clang | 0.6-2 | 16.66 | 112.22 | 128.88 | OK | |
r-devel-linux-x86_64-debian-gcc | 0.6-2 | 12.06 | 83.22 | 95.28 | OK | |
r-devel-linux-x86_64-fedora-clang | 0.6-2 | 168.40 | OK | |||
r-devel-linux-x86_64-fedora-gcc | 0.6-2 | 166.30 | OK | |||
r-devel-windows-x86_64 | 0.6-2 | 17.00 | 115.00 | 132.00 | OK | |
r-patched-linux-x86_64 | 0.6-2 | 14.05 | 106.44 | 120.49 | OK | |
r-release-linux-x86_64 | 0.6-2 | 15.57 | 109.75 | 125.32 | OK | |
r-release-macos-arm64 | 0.6-2 | 64.00 | OK | |||
r-release-windows-x86_64 | 0.6-2 | 16.00 | 115.00 | 131.00 | OK | |
r-oldrel-macos-arm64 | 0.6-2 | 46.00 | OK | |||
r-oldrel-macos-x86_64 | 0.6-2 | 85.00 | NOTE | |||
r-oldrel-windows-x86_64 | 0.6-2 | 19.00 | 133.00 | 152.00 | OK |
Version: 0.6-2
Check: package dependencies
Result: NOTE
Package suggested but not available for checking: ‘BiocParallel’
Flavor: r-oldrel-macos-x86_64