Last updated on 2024-08-16 11:49:37 CEST.
Flavor | Version | Tinstall | Tcheck | Ttotal | Status | Flags |
---|---|---|---|---|---|---|
r-devel-linux-x86_64-debian-clang | 0.3.0 | 1.79 | 27.91 | 29.70 | NOTE | |
r-devel-linux-x86_64-debian-gcc | 0.3.0 | 1.68 | 22.15 | 23.83 | NOTE | |
r-devel-linux-x86_64-fedora-clang | 0.3.0 | 48.53 | NOTE | |||
r-devel-linux-x86_64-fedora-gcc | 0.3.0 | 58.08 | NOTE | |||
r-devel-windows-x86_64 | 0.3.0 | 5.00 | 54.00 | 59.00 | NOTE | |
r-patched-linux-x86_64 | 0.3.0 | 1.96 | 26.31 | 28.27 | NOTE | |
r-release-linux-x86_64 | 0.3.0 | 1.65 | 27.20 | 28.85 | NOTE | |
r-release-macos-arm64 | 0.3.0 | 35.00 | NOTE | |||
r-release-macos-x86_64 | 0.3.0 | 45.00 | NOTE | |||
r-release-windows-x86_64 | 0.3.0 | 5.00 | 55.00 | 60.00 | NOTE | |
r-oldrel-macos-arm64 | 0.3.0 | 34.00 | OK | |||
r-oldrel-macos-x86_64 | 0.3.0 | 42.00 | OK | |||
r-oldrel-windows-x86_64 | 0.3.0 | 5.00 | 59.00 | 64.00 | OK |
Version: 0.3.0
Check: Rd files
Result: NOTE
checkRd: (-1) get_policy_scores.Rd:63: Lost braces
63 | \code{low_estimate}\\code{high_estimate} columns. The \code{SD_estimate} column has the standard deviation of the
| ^
Flavors: r-devel-linux-x86_64-debian-clang, r-devel-linux-x86_64-debian-gcc, r-devel-linux-x86_64-fedora-clang, r-devel-linux-x86_64-fedora-gcc, r-devel-windows-x86_64, r-patched-linux-x86_64, r-release-linux-x86_64, r-release-macos-arm64, r-release-macos-x86_64, r-release-windows-x86_64
Version: 0.3.0
Check: dependencies in R code
Result: NOTE
Namespace in Imports field not imported from: ‘readr’
All declared Imports should be used.
Flavors: r-devel-linux-x86_64-fedora-clang, r-devel-linux-x86_64-fedora-gcc