Last updated on 2024-08-16 11:49:37 CEST.
Flavor | Version | Tinstall | Tcheck | Ttotal | Status | Flags |
---|---|---|---|---|---|---|
r-devel-linux-x86_64-debian-clang | 3.5.8 | 102.85 | 141.21 | 244.06 | OK | |
r-devel-linux-x86_64-debian-gcc | 3.5.8 | 73.73 | 102.46 | 176.19 | OK | |
r-devel-linux-x86_64-fedora-clang | 3.5.8 | 438.75 | OK | |||
r-devel-linux-x86_64-fedora-gcc | 3.5.8 | 450.29 | OK | |||
r-devel-windows-x86_64 | 3.5.8 | 106.00 | 214.00 | 320.00 | OK | |
r-patched-linux-x86_64 | 3.5.8 | 107.02 | 132.18 | 239.20 | OK | |
r-release-linux-x86_64 | 3.5.8 | 96.43 | 134.94 | 231.37 | OK | |
r-release-macos-arm64 | 3.5.8 | 112.00 | NOTE | |||
r-release-macos-x86_64 | 3.5.8 | 141.00 | NOTE | |||
r-release-windows-x86_64 | 3.5.8 | 107.00 | 215.00 | 322.00 | OK | |
r-oldrel-macos-arm64 | 3.5.8 | 116.00 | NOTE | |||
r-oldrel-macos-x86_64 | 3.5.8 | 193.00 | NOTE | |||
r-oldrel-windows-x86_64 | 3.5.8 | 132.00 | 240.00 | 372.00 | OK |
Version: 3.5.8
Check: installed package size
Result: NOTE
installed size is 8.3Mb
sub-directories of 1Mb or more:
doc 1.9Mb
libs 5.3Mb
Flavors: r-release-macos-arm64, r-release-macos-x86_64, r-oldrel-macos-arm64, r-oldrel-macos-x86_64