CRAN Package Check Results for Package CovTools

Last updated on 2021-10-15 23:50:25 CEST.

Flavor Version Tinstall Tcheck Ttotal Status Flags
r-devel-linux-x86_64-debian-clang 0.5.4 72.80 90.06 162.86 OK
r-devel-linux-x86_64-debian-gcc 0.5.4 53.94 70.93 124.87 OK
r-devel-linux-x86_64-fedora-clang 0.5.4 234.42 OK
r-devel-linux-x86_64-fedora-gcc 0.5.4 209.59 OK
r-devel-windows-x86_64 0.5.4 85.00 102.00 187.00 OK
r-devel-windows-x86_64-gcc10-UCRT 0.5.4 OK
r-patched-linux-x86_64 0.5.4 62.62 88.62 151.24 OK
r-patched-solaris-x86 0.5.4 260.10 OK
r-release-linux-x86_64 0.5.4 63.43 88.58 152.01 OK
r-release-macos-arm64 0.5.4 OK
r-release-macos-x86_64 0.5.4 OK
r-release-windows-ix86+x86_64 0.5.4 95.00 11.00 106.00 ERROR
r-oldrel-macos-x86_64 0.5.4 OK
r-oldrel-windows-ix86+x86_64 0.5.4 201.00 192.00 393.00 OK

Check Details

Version: 0.5.4
Check: whether package can be installed
Result: ERROR
    Installation failed.
Flavor: r-release-windows-ix86+x86_64