CRAN Package Check Results for Package CrossClustering

Last updated on 2019-10-22 05:47:12 CEST.

Flavor Version Tinstall Tcheck Ttotal Status Flags
r-devel-linux-x86_64-debian-clang 4.0.3 2.62 39.93 42.55 OK
r-devel-linux-x86_64-debian-gcc 4.0.3 1.87 31.88 33.75 OK
r-devel-linux-x86_64-fedora-clang 4.0.3 52.41 NOTE
r-devel-linux-x86_64-fedora-gcc 4.0.3 51.50 NOTE
r-devel-windows-ix86+x86_64 4.0.3 9.00 55.00 64.00 OK
r-patched-linux-x86_64 4.0.3 2.54 39.83 42.37 OK
r-patched-solaris-x86 4.0.3 73.60 NOTE
r-release-linux-x86_64 4.0.3 2.29 39.95 42.24 OK
r-release-windows-ix86+x86_64 4.0.3 10.00 74.00 84.00 OK
r-release-osx-x86_64 4.0.3 NOTE
r-oldrel-windows-ix86+x86_64 4.0.3 4.00 54.00 58.00 OK
r-oldrel-osx-x86_64 4.0.3 NOTE

Check Details

Version: 4.0.3
Check: dependencies in R code
Result: NOTE
    Namespace in Imports field not imported from: ‘glue’
     All declared Imports should be used.
Flavors: r-devel-linux-x86_64-fedora-clang, r-devel-linux-x86_64-fedora-gcc, r-patched-solaris-x86, r-release-osx-x86_64, r-oldrel-osx-x86_64