Last updated on 2023-02-04 11:51:30 CET.
Flavor | Version | Tinstall | Tcheck | Ttotal | Status | Flags |
---|---|---|---|---|---|---|
r-devel-linux-x86_64-debian-clang | 1.2.7 | 11.59 | 106.82 | 118.41 | OK | |
r-devel-linux-x86_64-debian-gcc | 1.2.7 | 9.44 | 79.86 | 89.30 | OK | |
r-devel-linux-x86_64-fedora-clang | 1.2.7 | 155.70 | NOTE | |||
r-devel-linux-x86_64-fedora-gcc | 1.2.7 | 161.55 | OK | |||
r-devel-windows-x86_64 | 1.2.7 | 43.00 | 190.00 | 233.00 | OK | |
r-patched-linux-x86_64 | 1.2.7 | 13.17 | 100.68 | 113.85 | OK | |
r-release-linux-x86_64 | 1.2.7 | 12.79 | 104.38 | 117.17 | OK | |
r-release-macos-arm64 | 1.2.7 | 44.00 | OK | |||
r-release-macos-x86_64 | 1.2.7 | 70.00 | OK | |||
r-release-windows-x86_64 | 1.2.7 | 37.00 | 186.00 | 223.00 | OK | |
r-oldrel-macos-arm64 | 1.2.7 | 43.00 | OK | |||
r-oldrel-macos-x86_64 | 1.2.7 | 60.00 | OK | |||
r-oldrel-windows-ix86+x86_64 | 1.2.7 | 24.00 | 149.00 | 173.00 | OK |
Version: 1.2.7
Check: Rd cross-references
Result: NOTE
Undeclared package ‘copula’ in Rd xrefs
Flavor: r-devel-linux-x86_64-fedora-clang