CRAN Package Check Results for Package CsChange

Last updated on 2021-10-28 11:51:23 CEST.

Flavor Version Tinstall Tcheck Ttotal Status Flags
r-devel-linux-x86_64-debian-clang 0.1.6 11.42 108.61 120.03 NOTE
r-devel-linux-x86_64-debian-gcc 0.1.6 10.14 80.09 90.23 NOTE
r-devel-linux-x86_64-fedora-clang 0.1.6 154.70 NOTE
r-devel-linux-x86_64-fedora-gcc 0.1.6 137.29 NOTE
r-devel-windows-x86_64 0.1.6 21.00 132.00 153.00 NOTE
r-devel-windows-x86_64-gcc10-UCRT 0.1.6 NOTE
r-patched-linux-x86_64 0.1.6 10.34 98.66 109.00 NOTE
r-patched-solaris-x86 0.1.6 207.20 NOTE
r-release-linux-x86_64 0.1.6 11.66 100.02 111.68 NOTE
r-release-macos-arm64 0.1.6 NOTE
r-release-macos-x86_64 0.1.6 NOTE
r-release-windows-ix86+x86_64 0.1.6 22.00 133.00 155.00 NOTE
r-oldrel-macos-x86_64 0.1.6 OK
r-oldrel-windows-ix86+x86_64 0.1.6 22.00 119.00 141.00 OK

Check Details

Version: 0.1.6
Check: LazyData
Result: NOTE
     'LazyData' is specified without a 'data' directory
Flavors: r-devel-linux-x86_64-debian-clang, r-devel-linux-x86_64-debian-gcc, r-devel-linux-x86_64-fedora-clang, r-devel-linux-x86_64-fedora-gcc, r-devel-windows-x86_64, r-devel-windows-x86_64-gcc10-UCRT, r-patched-linux-x86_64, r-patched-solaris-x86, r-release-linux-x86_64, r-release-macos-arm64, r-release-macos-x86_64, r-release-windows-ix86+x86_64