CRAN Package Check Results for Package Cyclops

Last updated on 2024-02-29 18:20:17 CET.

Flavor Version Tinstall Tcheck Ttotal Status Flags
r-devel-linux-x86_64-debian-clang 3.4.0 224.94 134.52 359.46 OK
r-devel-linux-x86_64-debian-gcc 3.4.0 195.82 104.47 300.29 OK
r-devel-linux-x86_64-fedora-clang 3.4.0 528.41 NOTE
r-devel-linux-x86_64-fedora-gcc 3.4.0 555.02 OK
r-devel-windows-x86_64 3.4.0 200.00 158.00 358.00 OK
r-patched-linux-x86_64 3.4.0 222.03 132.69 354.72 OK
r-release-linux-x86_64 3.4.0 175.05 132.02 307.07 OK
r-release-macos-arm64 3.4.0 138.00 NOTE
r-release-macos-x86_64 3.4.0 197.00 NOTE
r-release-windows-x86_64 3.4.0 258.00 195.00 453.00 OK
r-oldrel-macos-arm64 3.4.0 122.00 NOTE
r-oldrel-windows-x86_64 3.4.0 216.00 185.00 401.00 OK

Check Details

Version: 3.4.0
Check: installed package size
Result: NOTE installed size is 6.7Mb sub-directories of 1Mb or more: libs 5.9Mb Flavors: r-devel-linux-x86_64-fedora-clang, r-release-macos-arm64, r-release-macos-x86_64, r-oldrel-macos-arm64