CRAN Package Check Results for Package CytobankBridgeR

Last updated on 2021-06-20 11:51:13 CEST.

Flavor Version Tinstall Tcheck Ttotal Status Flags
r-devel-linux-x86_64-debian-clang 1.0.0 2.75 29.48 32.23 OK
r-devel-linux-x86_64-debian-gcc 1.0.0 2.23 23.93 26.16 OK
r-devel-linux-x86_64-fedora-clang 1.0.0 47.91 OK
r-devel-linux-x86_64-fedora-gcc 1.0.0 38.07 OK
r-devel-windows-x86_64 1.0.0 5.00 36.00 41.00 OK
r-devel-windows-x86_64-gcc10-UCRT 1.0.0 ERROR
r-patched-linux-x86_64 1.0.0 6.19 28.84 35.03 OK
r-patched-solaris-x86 1.0.0 60.30 OK
r-release-linux-x86_64 1.0.0 2.39 28.78 31.17 OK
r-release-macos-arm64 1.0.0 OK
r-release-macos-x86_64 1.0.0 OK
r-release-windows-ix86+x86_64 1.0.0 6.00 45.00 51.00 OK
r-oldrel-macos-x86_64 1.0.0 OK
r-oldrel-windows-ix86+x86_64 1.0.0 5.00 45.00 50.00 OK

Check Details

Version: 1.0.0
Check: package dependencies
Result: ERROR
    Package required but not available: 'CytobankAPI'
    
    See section 'The DESCRIPTION file' in the 'Writing R Extensions'
    manual.
Flavor: r-devel-windows-x86_64-gcc10-UCRT