Last updated on 2024-08-16 11:49:38 CEST.
Flavor | Version | Tinstall | Tcheck | Ttotal | Status | Flags |
---|---|---|---|---|---|---|
r-devel-linux-x86_64-debian-clang | 1.0.1 | 61.88 | 274.34 | 336.22 | NOTE | |
r-devel-linux-x86_64-debian-gcc | 1.0.1 | 44.48 | 191.98 | 236.46 | NOTE | |
r-devel-linux-x86_64-fedora-clang | 1.0.1 | 559.10 | OK | |||
r-devel-linux-x86_64-fedora-gcc | 1.0.1 | 569.86 | OK | |||
r-devel-windows-x86_64 | 1.0.1 | 63.00 | 260.00 | 323.00 | NOTE | |
r-patched-linux-x86_64 | 1.0.1 | 68.91 | 258.54 | 327.45 | OK | |
r-release-linux-x86_64 | 1.0.1 | 64.18 | 261.47 | 325.65 | OK | |
r-release-macos-arm64 | 1.0.1 | 146.00 | OK | |||
r-release-macos-x86_64 | 1.0.1 | 214.00 | OK | |||
r-release-windows-x86_64 | 1.0.1 | 62.00 | 262.00 | 324.00 | OK | |
r-oldrel-macos-arm64 | 1.0.1 | 162.00 | OK | |||
r-oldrel-macos-x86_64 | 1.0.1 | 276.00 | OK | |||
r-oldrel-windows-x86_64 | 1.0.1 | 83.00 | 333.00 | 416.00 | OK |
Version: 1.0.1
Check: Rd cross-references
Result: NOTE
Found the following Rd file(s) with Rd \link{} targets missing package
anchors:
ConfMatrix.Rd: R6
D2MCS.Rd: getModelInfo
GainRatioHeuristic.Rd: gain.ratio
Please provide package anchors for all Rd \link{} targets not in the
package itself and the base packages.
Flavors: r-devel-linux-x86_64-debian-clang, r-devel-linux-x86_64-debian-gcc, r-devel-windows-x86_64