Last updated on 2024-08-16 11:49:38 CEST.
Flavor | Version | Tinstall | Tcheck | Ttotal | Status | Flags |
---|---|---|---|---|---|---|
r-devel-linux-x86_64-debian-clang | 1.2.3 | 7.44 | 82.87 | 90.31 | OK | |
r-devel-linux-x86_64-debian-gcc | 1.2.3 | 5.64 | 58.65 | 64.29 | OK | |
r-devel-linux-x86_64-fedora-clang | 1.2.3 | 143.28 | NOTE | |||
r-devel-linux-x86_64-fedora-gcc | 1.2.3 | 147.53 | OK | |||
r-devel-windows-x86_64 | 1.2.3 | 10.00 | 118.00 | 128.00 | OK | |
r-patched-linux-x86_64 | 1.2.3 | 9.78 | 75.82 | 85.60 | OK | |
r-release-linux-x86_64 | 1.2.3 | 5.36 | 77.23 | 82.59 | OK | |
r-release-macos-arm64 | 1.2.3 | 106.00 | OK | |||
r-release-macos-x86_64 | 1.2.3 | 146.00 | OK | |||
r-release-windows-x86_64 | 1.2.3 | 11.00 | 116.00 | 127.00 | OK | |
r-oldrel-macos-arm64 | 1.2.3 | 108.00 | OK | |||
r-oldrel-macos-x86_64 | 1.2.3 | 186.00 | OK | |||
r-oldrel-windows-x86_64 | 1.2.3 | 11.00 | 133.00 | 144.00 | OK |
Version: 1.2.3
Check: Rd cross-references
Result: NOTE
Undeclared package ‘withr’ in Rd xrefs
Flavor: r-devel-linux-x86_64-fedora-clang