Last updated on 2022-05-17 00:51:07 CEST.
Flavor | Version | Tinstall | Tcheck | Ttotal | Status | Flags |
---|---|---|---|---|---|---|
r-devel-linux-x86_64-debian-clang | 1.7.2 | 21.04 | 81.17 | 102.21 | NOTE | |
r-devel-linux-x86_64-debian-gcc | 1.7.2 | 17.87 | 60.58 | 78.45 | NOTE | |
r-devel-linux-x86_64-fedora-clang | 1.7.2 | 128.32 | NOTE | |||
r-devel-linux-x86_64-fedora-gcc | 1.7.2 | 126.40 | NOTE | |||
r-devel-windows-x86_64 | 1.7.2 | 62.00 | 104.00 | 166.00 | NOTE | |
r-patched-linux-x86_64 | 1.7.2 | 21.50 | 75.94 | 97.44 | NOTE | |
r-release-linux-x86_64 | 1.7.2 | 14.62 | 77.63 | 92.25 | NOTE | |
r-release-macos-arm64 | 1.7.2 | 38.00 | NOTE | |||
r-release-macos-x86_64 | 1.7.2 | 74.00 | NOTE | |||
r-release-windows-x86_64 | 1.7.2 | 74.00 | 108.00 | 182.00 | NOTE | |
r-oldrel-macos-arm64 | 1.7.2 | 32.00 | NOTE | |||
r-oldrel-macos-x86_64 | 1.7.2 | 51.00 | NOTE | |||
r-oldrel-windows-ix86+x86_64 | 1.7.2 | 41.00 | 91.00 | 132.00 | NOTE |
Version: 1.7.2
Check: package dependencies
Result: NOTE
Package suggested but not available for checking: 'dblog'
Flavors: r-devel-linux-x86_64-debian-clang, r-devel-linux-x86_64-debian-gcc, r-devel-linux-x86_64-fedora-clang, r-devel-linux-x86_64-fedora-gcc, r-devel-windows-x86_64, r-patched-linux-x86_64, r-release-linux-x86_64, r-release-macos-arm64, r-release-macos-x86_64, r-release-windows-x86_64, r-oldrel-macos-arm64, r-oldrel-macos-x86_64, r-oldrel-windows-ix86+x86_64