CRAN Package Check Results for Package DEEPR

Last updated on 2021-10-28 11:51:24 CEST.

Flavor Version Tinstall Tcheck Ttotal Status Flags
r-devel-linux-x86_64-debian-clang 0.1 1.51 19.78 21.29 NOTE
r-devel-linux-x86_64-debian-gcc 0.1 1.56 15.89 17.45 NOTE
r-devel-linux-x86_64-fedora-clang 0.1 37.48 NOTE
r-devel-linux-x86_64-fedora-gcc 0.1 26.92 NOTE
r-devel-windows-x86_64 0.1 5.00 41.00 46.00 NOTE
r-devel-windows-x86_64-gcc10-UCRT 0.1 NOTE
r-patched-linux-x86_64 0.1 1.86 19.52 21.38 NOTE
r-patched-solaris-x86 0.1 43.10 NOTE
r-release-linux-x86_64 0.1 1.48 19.68 21.16 NOTE
r-release-macos-arm64 0.1 NOTE
r-release-macos-x86_64 0.1 NOTE
r-release-windows-ix86+x86_64 0.1 5.00 37.00 42.00 NOTE
r-oldrel-macos-x86_64 0.1 NOTE
r-oldrel-windows-ix86+x86_64 0.1 8.00 35.00 43.00 NOTE

Check Details

Version: 0.1
Check: DESCRIPTION meta-information
Result: NOTE
    Malformed Description field: should contain one or more complete sentences.
Flavors: r-devel-linux-x86_64-debian-clang, r-devel-linux-x86_64-debian-gcc, r-devel-linux-x86_64-fedora-clang, r-devel-linux-x86_64-fedora-gcc, r-devel-windows-x86_64, r-devel-windows-x86_64-gcc10-UCRT, r-patched-linux-x86_64, r-patched-solaris-x86, r-release-linux-x86_64, r-release-macos-arm64, r-release-macos-x86_64, r-release-windows-ix86+x86_64, r-oldrel-macos-x86_64, r-oldrel-windows-ix86+x86_64

Version: 0.1
Check: R code for possible problems
Result: NOTE
    DEEPR : perm_function: no visible global function definition for 'head'
    DEEPR : perm_function: no visible global function definition for 'tail'
    simCophy: no visible global function definition for 'rpois'
    simCophy: no visible global function definition for 'rmultinom'
    Undefined global functions or variables:
     head rmultinom rpois tail
    Consider adding
     importFrom("stats", "rmultinom", "rpois")
     importFrom("utils", "head", "tail")
    to your NAMESPACE file.
Flavors: r-devel-linux-x86_64-debian-clang, r-devel-linux-x86_64-debian-gcc, r-devel-linux-x86_64-fedora-clang, r-devel-linux-x86_64-fedora-gcc, r-devel-windows-x86_64, r-devel-windows-x86_64-gcc10-UCRT, r-patched-linux-x86_64, r-patched-solaris-x86, r-release-linux-x86_64, r-release-macos-arm64, r-release-macos-x86_64, r-release-windows-ix86+x86_64, r-oldrel-macos-x86_64, r-oldrel-windows-ix86+x86_64