Last updated on 2021-01-17 23:47:29 CET.
Flavor | Version | Tinstall | Tcheck | Ttotal | Status | Flags |
---|---|---|---|---|---|---|
r-devel-linux-x86_64-debian-clang | 0.0.6 | 1.82 | 24.48 | 26.30 | OK | |
r-devel-linux-x86_64-debian-gcc | 0.0.6 | 1.89 | 20.07 | 21.96 | OK | |
r-devel-linux-x86_64-fedora-clang | 0.0.6 | 43.39 | OK | |||
r-devel-linux-x86_64-fedora-gcc | 0.0.6 | 32.90 | OK | |||
r-devel-windows-ix86+x86_64 | 0.0.6 | 5.00 | 30.00 | 35.00 | OK | |
r-patched-linux-x86_64 | 0.0.6 | 2.30 | 24.20 | 26.50 | OK | |
r-patched-solaris-x86 | 0.0.6 | 4.40 | ERROR | |||
r-release-linux-x86_64 | 0.0.6 | 2.03 | 23.92 | 25.95 | OK | |
r-release-macos-x86_64 | 0.0.6 | OK | ||||
r-release-windows-ix86+x86_64 | 0.0.6 | 6.00 | 33.00 | 39.00 | OK | |
r-oldrel-macos-x86_64 | 0.0.6 | OK | ||||
r-oldrel-windows-ix86+x86_64 | 0.0.6 | 4.00 | 37.00 | 41.00 | OK |
Version: 0.0.6
Check: package dependencies
Result: ERROR
Package required but not available: ‘RPostgres’
See section ‘The DESCRIPTION file’ in the ‘Writing R Extensions’
manual.
Flavor: r-patched-solaris-x86